.
2, 3, 7
Let z(l) = -2*l - 11. Let r be z(-16). Suppose 0 = d + 6*d - r. Suppose 2*t = d*c + 140, c = -5*t + 282 + 51. List the prime factors of t.
67
Suppose 15*z - 26*z = -12*z. Suppose 3*j - 873 = -4*c, -5*j - 3*c = -z*c - 1455. What are the prime factors of j?
3, 97
Let k be (-3)/(-6) - (185/10 + -1). Let y(x) be the second derivative of -x**5/20 - 3*x**4/2 - 23*x**3/6 + 10*x**2 - 7*x. List the prime factors of y(k).
2, 61
Suppose 3*h - 16*h = -24206 - 17134. List the prime factors of h.
2, 3, 5, 53
Suppose -2*a = -8*a. Suppose 3*j - w - 779 = -0*j, a = -3*j - 4*w + 799. Let q = j + -178. List the prime factors of q.
83
Let z(x) be the second derivative of 64*x**3/3 + 3*x**2 + 7*x. Let k be z(2). Let n = k - 167. List the prime factors of n.
5, 19
Suppose 13*c + 1292 - 13083 = 0. Let m = c - 399. What are the prime factors of m?
2, 127
List the prime factors of (-1)/(((-14)/73437)/((-16)/(-24))).
13, 269
Let u be -20*((-2 - 9/(-6)) + 0). Let n = -20 - -20. Suppose -g + 79 - u = n. List the prime factors of g.
3, 23
Let x(p) = -p**3 + 2*p**2 - 33*p + 83121. What are the prime factors of x(0)?
3, 103, 269
Let b(p) = p**3 - p**2 + 4 + 9*p**2 + 3 + 0*p**2 + 5*p. Let u be ((-21)/8)/(6/(-8))*-2. What are the prime factors of b(u)?
3, 7
Let t = -26 - -266. Suppose c - 9*c - t = 0. Let d = 2 - c. List the prime factors of d.
2
Suppose 0 = -2*y + 2*d - 26, 2*d = -2*d + 8. Let x be 2/y + 200/(-110). List the prime factors of (x/(-4))/(2/140).
5, 7
Let p be 13/(-11) + ((-6)/11)/(-3). Let g be 1/(p - -2) - 69*-1. Suppose 21 - g = -z. List the prime factors of z.
7
Let v = 27 - 111. List the prime factors of v/70*(1 - 1093/3).
2, 109
Let u(r) = 61*r + 14. Let i be 6/10 + 252/105. Suppose -i*t = -t - 6. List the prime factors of u(t).
197
Suppose 21 = -2*o - m, -2*m - 3*m = 5. Let b(v) = -2*v - 14. Let h be b(o). Let p(l) = l**3 - 5*l**2 + 10*l - 32. List the prime factors of p(h).
2
What are the prime factors of 9/((-756)/(-24)) + (-2340961)/(-49)?
3, 5, 7, 13
Suppose 807*u - 10248 = 804*u. Suppose 0 = 19*f - 7186 - u. List the prime factors of f.
2, 3, 31
Let g(p) = p**2 + 15*p - 6. Let u = 66 - 77. Let c = -27 - u. What are the prime factors of g(c)?
2, 5
Let u(d) = 66 + 263*d - 277*d - 4. List the prime factors of u(-14).
2, 3, 43
Let i(j) = 6*j - 349. Let z be i(59). What are the prime factors of z*((-222)/(-5) - 20/100)?
13, 17
Let l(t) = -t**3 + 98*t**2 - 63*t - 84. List the prime factors of l(94).
2, 14669
What are the prime factors of 59*(-4 - (-288)/56 - 1/7)?
59
Let s(b) = -b**3 + 20*b**2 - 12*b + 23. Suppose 0 = 5*z - 4*v - 99, 3*z = -2*v + 5 + 50. What are the prime factors of s(z)?
2, 3, 13
Let w = -1115 + 1699. Let r = -408 + w. What are the prime factors of r?
2, 11
Suppose -5*r + 121435 = -y, 0*y - 267148 = -11*r + 4*y. What are the prime factors of r?
2, 3, 11, 23
Suppose -3*x = -s - 16983, 0 = -x + 67*s - 68*s + 5665. List the prime factors of x.
2, 19, 149
List the prime factors of 184/460 - (-34603)/5.
3, 769
Let c = 24 - 17. Suppose 4628*z - 4631*z = 1 + 2. Let p = z + c. List the prime factors of p.
2, 3
Suppose -109*j - 1092 = -103*j. Let t = 206 + j. List the prime factors of t.
2, 3
Suppose 4*v - 924 = -2*v. Suppose 25*l - v = 23*l. List the prime factors of l.
7, 11
Let u(t) = t**3 + 2*t**2 - 30*t + 206. What are the prime factors of u(14)?
2, 3, 487
Suppose 4*m - 2*u - 353 = u, 3*m = 3*u + 261. Let t = -89 + m. Suppose -65 = -8*i + t*i. List the prime factors of i.
13
What are the prime factors of 0*(-11)/(-33) + 17476?
2, 17, 257
Suppose 75 + 9 = 4*z. Suppose 5*v - 6 = -z, -3*v = 2*l + 445. Let x = l - -333. What are the prime factors of x?
5, 23
Suppose 2*n + 4*o = 90320, n + 4*o - 6817 = 38361. What are the prime factors of n?
2, 22571
Suppose 0 = 11*c - 21039 - 5207. Let d = c - 1363. List the prime factors of d.
3, 11, 31
Suppose 2*t = -4*r + 78, 5*r + 0*t - 3*t - 114 = 0. Let g(k) = 18*k**2 - 62*k - 1. Let o be g(4). Let v = o + r. What are the prime factors of v?
2, 3, 5
Suppose 5*s = 4*i - 52, -11*i - 3*s = -7*i - 20. Suppose 0 = -i*p + 1146 + 718. What are the prime factors of p?
233
Suppose 0 = -3*g - 2*r + 24, -4*r + 0 = -g + 8. Suppose -164 = 6*u - g*u. List the prime factors of u.
2, 41
Suppose 0 = -3*c + 9, -2*o + c = -0*o - 53. What are the prime factors of (-2018)/(-2)*(-27 + o)?
1009
Suppose -58571 = -f - 4*c, -2*f = -0*c + 2*c - 117106. List the prime factors of f.
127, 461
Suppose 5*w + 78*u - 79*u - 334398 = 0, 4*w + 2*u - 267496 = 0. List the prime factors of w.
2, 7, 17, 281
Let y = 49 + -46. Suppose -y*f + 8*f = 285. What are the prime factors of f?
3, 19
Let z be (-3 + 0)/(-9)*24*1. Let a(c) = 10*c**2 - 12*c - 10. What are the prime factors of a(z)?
2, 3, 89
Suppose -42196 = -375*u + 255404 + 142650. What are the prime factors of u?
2, 587
Suppose -49*o + 334165 + 365673 = -356651. List the prime factors of o.
3, 7187
List the prime factors of 1845 + (1/3)/((-708)/(-72) - 10).
19, 97
Suppose -88*n = -1492636 - 3777244. What are the prime factors of n?
5, 7, 29, 59
Let s(o) = 17*o**2 + 117*o - 342. What are the prime factors of s(14)?
2, 13, 89
List the prime factors of (13*(-18)/117)/(2/(-5115)).
3, 5, 11, 31
Let c(h) = -h**3 - 19*h**2 - 34*h + 16. Let t be c(-17). Suppose -6 + 2 = m - 5*y, m - 2*y = -t. List the prime factors of (-3)/m + 3 + (-2716)/(-32).
2, 11
Suppose 5*c = 19 - 79. Let b(i) = -i**2 - 10*i. Let s be b(c). What are the prime factors of s/4*((-88)/6 - 0)?
2, 11
List the prime factors of (26448/(-532))/(6/(-2835)).
2, 3, 5, 29
Let r = 125 - -5. Let h = -56 + r. Suppose -2*v + v + h = -5*j, 4*v + 5*j - 246 = 0. List the prime factors of v.
2
What are the prime factors of ((-6274)/(-3))/((10/(-6))/(-5))?
2, 3137
Suppose 3*n - i - 120 = 0, 24*i - 28*i = -3*n + 120. Suppose 36*g + 6148 = n*g. What are the prime factors of g?
29, 53
Let a = -256 + 229. What are the prime factors of (a/(-4))/(18/480) + -1?
179
List the prime factors of 8*(-121478)/(-112) + 1.
2, 4339
Suppose 3*n = 16 + 11. Suppose -874 = -n*l + 4*l - 3*r, 5*r = -l + 166. What are the prime factors of l?
2, 11
Let d(q) = 1995*q - 97. What are the prime factors of d(5)?
2, 11, 449
Suppose 0 = 4*b + v - 12, -3*b - 4*v - 2 - 2 = 0. Let z be (1778/8)/(b/16). Suppose 0 = -13*x + 6*x + z. List the prime factors of x.
127
Suppose 13853 = 3*n + 208997. What are the prime factors of n/282*6/(-4)?
2, 173
Suppose -8*i + 93 - 77 = 0. Suppose -i*o + 5*w = -769, 3*w = 2*w - 5. List the prime factors of o.
2, 3, 31
Suppose -19 = a - 33. Suppose -a*l + 7237 + 4117 = 0. What are the prime factors of l?
811
List the prime factors of 15174 - (126/9 + -13).
15173
Let n = 25125 + -7824. List the prime factors of n.
3, 73, 79
Let b(y) = 46*y + 23. Let q be b(3). Let n = -152 + q. What are the prime factors of n?
3
Suppose -3873 = -3*v - 1380. Let q = 1756 - v. List the prime factors of q.
5, 37
Let n be 1 + (-44)/52 + 895/13. Suppose -n = -6*f - 21. Suppose 0 = 8*h + f*h - 2000. What are the prime factors of h?
5
Let s(f) = -f**2 - 2*f + 16. Let p be s(-5). Let w be -2 + p + (-356)/(-4). Suppose -l + c = -39, c = 2*l + 4*c - w. List the prime factors of l.
41
Let q = 6796 - 2038. What are the prime factors of q?
2, 3, 13, 61
What are the prime factors of (0 - (5 - -1))/((-2275504)/78464 - -29)?
2, 613
Suppose 36*f - 33*f + 2*k - 33204 = 0, 3*k + 55302 = 5*f. What are the prime factors of f?
2, 3, 461
Suppose 2217 = 5*m + g - 5*g, -1332 = -3*m + 3*g. Suppose -5*t + 5*b = -2305, t + 3*b + b - m = 0. What are the prime factors of t?
457
Suppose 0 = -4*g + 214 - 822. Suppose -41 = 5*h - 2*c, 5*h + 5*c - 150 = -205. Let f = h - g. List the prime factors of f.
11, 13
Suppose 0 = 5*u + 53 - 528. Let r(n) = -2*n**2 + 4*n + 2. Let x be r(4). Let b = x + u. What are the prime factors of b?
3
Let y be 12/(-8)*(-7)/((-35)/(-30)). List the prime factors of 2316/9 - (21/y)/7.
257
Suppose -3*j = -12, -2*l = 5*j - 55 + 19. List the prime factors of (822/l)/((-2)/(-16)) + 0.
2, 3, 137
Let y = -27 - -35. What are the prime factors of 222 + (y - 7) + 2?
3, 5
Let y(n) = 23*n**2 + 6*n. Let t be 10/4*(-25 + 27). Let s be t + (-15)/2 + 1/2. What are the prime factors of y(s)?
2, 5
Suppose 4*w - 244444 = -4*v, 8*v - 4*w = 5*v + 183270. What are the prime factors of